5
In base 7, what is 5 - -213506?
213514
In base 4, what is 1 + 312233332?
312233333
In base 6, what is -224 + -12055?
-12323
In base 16, what is 154 + -5d?
f7
In base 13, what is -18 - -490?
475
In base 4, what is -2 - -331110311?
331110303
In base 8, what is -6073 + 2172?
-3701
In base 15, what is -5 + -1a72?
-1a77
In base 7, what is 3 + 23616?
23622
In base 11, what is 58 - 188?
-130
In base 7, what is -22 - 134012?
-134034
In base 14, what is 1dabc - -5?
1dac3
In base 12, what is 4 + 7429?
7431
In base 2, what is 10011100 + 11101100?
110001000
In base 2, what is -11001101111111010 + 0?
-11001101111111010
In base 10, what is -6 - -4112?
4106
In base 9, what is -172 + 6723?
6541
In base 8, what is 160 - 2053?
-1673
In base 16, what is -3 + 1f9c?
1f99
In base 12, what is -83 + -247?
-30a
In base 15, what is -3 + -109995?
-109998
In base 13, what is -2a - -75?
48
In base 4, what is 11 + 222221?
222232
In base 15, what is -938 - 66?
-99e
In base 8, what is -2 + 1422334?
1422332
In base 13, what is -1067 - -5?
-1062
In base 16, what is -7 - 79816?
-7981d
In base 6, what is 100214 + 0?
100214
In base 8, what is -7 + 2711?
2702
In base 7, what is 3 - 25353?
-25350
In base 16, what is -10d + -8c?
-199
In base 10, what is 2 + -49803?
-49801
In base 6, what is -434 - -12455?
12021
In base 13, what is 11ab5 + -3?
11ab2
In base 3, what is 11012010012120 - 1?
11012010012112
In base 13, what is 1503 + -6?
14ca
In base 10, what is -365 - 14?
-379
In base 5, what is 134 - 4323?
-4134
In base 11, what is -19 + -7694?
-7702
In base 4, what is 13300 - -100213?
120113
In base 3, what is 22 + -10210220?
-10210121
In base 13, what is 220b4 + -43?
22071
In base 13, what is 1 - -b793?
b794
In base 8, what is 13163 - -7?
13172
In base 10, what is -7 + -1428089?
-1428096
In base 9, what is -446 + -263?
-720
In base 4, what is -21020100 - 3?
-21020103
In base 8, what is 4477 + -12?
4465
In base 5, what is 14014 + 10102?
24121
In base 2, what is 10001110111101 + -1110?
10001110101111
In base 12, what is 17b8 + 0?
17b8
In base 13, what is -63 - -b0?
4a
In base 11, what is 186 + -1014?
-939
In base 3, what is -211 - -10001102?
10000121
In base 4, what is -31031 - -12130?
-12301
In base 13, what is -8 - 94?
-9c
In base 5, what is -1 - 441303?
-441304
In base 8, what is -347 + -360?
-727
In base 4, what is 1 - 10012202?
-10012201
In base 7, what is 1255112 + 2?
1255114
In base 13, what is 78 + -115a?
-10b2
In base 8, what is -6131 + -33?
-6164
In base 12, what is 2 - -61491?
61493
In base 13, what is -37aa99 + 1?
-37aa98
In base 12, what is 721 + -3?
71a
In base 16, what is -2135b - -2?
-21359
In base 6, what is -1113231 - 0?
-1113231
In base 4, what is 0 - 13103021?
-13103021
In base 8, what is 531 + 604?
1335
In base 5, what is -1242 - -23332?
22040
In base 10, what is -20334 + -5?
-20339
In base 13, what is -1a26 + -1?
-1a27
In base 8, what is 2 - -1043306?
1043310
In base 6, what is 5253 + -343?
4510
In base 10, what is -17 + -4479?
-4496
In base 5, what is -12 + 14422123?
14422111
In base 11, what is -45a327 - -3?
-45a324
In base 16, what is 1 - 88d95?
-88d94
In base 14, what is 33 + -3675?
-3642
In base 4, what is -131 - -30332021?
30331230
In base 11, what is -3 - 96535?
-96538
In base 13, what is 1 + -21c3c?
-21c3b
In base 10, what is 5459 + -300?
5159
In base 4, what is -23 - -2223120?
2223031
In base 16, what is 3a + -32?
8
In base 10, what is -16 - 6087?
-6103
In base 9, what is -24072 - 3?
-24075
In base 8, what is -3 + 221477?
221474
In base 14, what is -1a8 + -78?
-242
In base 4, what is 3 + 2113130?
2113133
In base 14, what is -1249 + 68?
-11c1
In base 10, what is 178 - -139?
317
In base 15, what is -3 + d5d6?
d5d3
In base 11, what is 2607 + 35?
2641
In base 7, what is -46 - -5323?
5244
In base 13, what is -5 + 1a19cc?
1a19c7
In base 15, what is -590c4 - 0?
-590c4
In base 10, what is 166182 - 18?
166164
In base 13, what is -c - 3160?
-316c
In base 10, what is 2 - 5054?
-5052
In base 15, what is 9a49 + -3?
9a46
In base 9, what is 2284 + -28?
2255
In base 9, what is -41 - 7600?
-7641
In base 2, what is -11 - -100011010000110?
100011010000011
In base 6, what is 1 - -3430132?
3430133
In base 12, what is -28a - 62?
-330
In base 2, what is -10011110000111101 - -1000?
-10011110000110101
In base 11, what is 0 + -233088?
-233088
In base 6, what is -5 - -425100?
425051
In base 15, what is 3 + 36dc7?
36dca
In base 16, what is -a26563 + -5?
-a26568
In base 10, what is -281 + -5525?
-5806
In base 15, what is -14 + -4d27?
-4d3b
In base 15, what is -4 + -57323?
-57327
In base 11, what is -a - 1449?
-1458
In base 8, what is -231 - 7371?
-7622
In base 7, what is 3 - -146003?
146006
In base 5, what is -201041 - 311?
-201402
In base 15, what is -4 + 8258?
8254
In base 6, what is -1 + 105352555?
105352554
In base 8, what is 1202213 + -4?
1202207
In base 3, what is -21 + 10011220212?
10011220121
In base 13, what is 324 - -a?
331
In base 6, what is 540 + 341?
1321
In base 16, what is -5 + -23cb?
-23d0
In base 7, what is -2105 + 1?
-2104
In base 11, what is -11184 - a4?
-11278
In base 8, what is 2 + 27412?
27414
In base 9, what is 710 + 175?
885
In base 8, what is 4113 - 23?
4070
In base 5, what is -1211211 + -32?
-1211243
In base 14, what is 585746 + -1?
585745
In base 8, what is 20 + -164621?
-164601
In base 5, what is -3 + -10424123?
-10424131
In base 4, what is -122 - -1131031?
1130303
In base 11, what is -3 - 6343?
-6346
In base 5, what is -10 - -330404142?
330404132
In base 8, what is 161 + 711?
1072
In base 11, what is -43261 - 1?
-43262
In base 12, what is 69 - -a04?
a71
In base 14, what is -1b - -54?
37
In base 12, what is ab750 - 1?
ab74b
In base 3, what is 120121010001 - -22?
120121010100
In base 16, what is 5175a + -2?
51758
In base 3, what is 11 + -112102110021?
-112102110010
In base 9, what is 12 - 26600?
-26577
In base 7, what is 0 - -2402?
2402
In base 3, what is -2212012202020 - 0?
-2212012202020
In base 15, what is 14c172 + -3?
14c16e
In base 13, what is c + -1361c?
-13610
In base 9, what is -100 - 64320?
-64420
In base 5, what is 231024 + 21?
231100
In base 5, what is -14021444 + 12?
-14021432
In base 10, what is -6829 - -4?
-6825
In base 16, what is 16b3 - 11b?
1598
In base 13, what is -6c1a - -12?
-6c08
In base 5, what is 2 + 114000100?
114000102
In base 3, what is -1000 - -1011001?
1010001
In base 8, what is -277 + 667?
370
In base 9, what is 76 + 1374?
1461
In base 16, what is -2bd + 1d1?
-ec
In base 2, what is 1100 - -11001001000011110?
11001001000101010
In base 14, what is -d40 + 5?
-d39
In base 16, what is -2 + -6c70?
-6c72
In base 12, what is -3746 - 49?
-3793
In base 3, what is -1100102102 - 12?
-1100102121
In base 10, what is -99135 + 6?
-99129
In base 6, what is -1325 + 541?
-344
In base 7, what is -146406 + 4?
-146402
In base 4, what is 3 - -1013020100?
1013020103
In base 5, what is -1020 + -12140?
-13210
In base 2, what is 10 + 10010000100111?
10010000101001
In base 4, what is -231112 + 12011?
-213101
In base 12, what is -92 - -26?
-68
In base 9, what is 45525 - 0?
45525
In base 4, what is -12 - 10213102?
-10213120
In base 4, what is -12 - 112112133?
-112112211
In base 5, what is 10 - 3014?
-3004
In base 10, what is 105 + -4057?
-3952
In base 2, what is 1101 - 100010111011?
-100010101110
In base 15, what is -1ab6 - -113?
-19a3
In base 4, what is 33 - -312310?
313003
In base 4, what is -2 - -3223121?
3223113
In base 7, what is 2 + 160514?
160516
In base 12, what is 8 + -4311?
-4305
In base 9, what is 2 + -14380?
-14377
In base 3, what is 200202 + 200222?
1101201
In base 9, what is 1551 + -312?
1238
In base 14, what is -21608 + -15?
-2161d
In base 6, what is 3 + -323112?
-323105
In base 11, what is -30025 - -1?
-30024
In base 2, what is -1010 - 1011010111010001?
-1011010111011011
In base 6, what is 2522215 + 3?
2522222
In base 8, what is 0 - -1405717?
1405717
In base 13, what is 3 - 1538?
-1535
In base 9, what is -551312 - -4?
-551307
In base 16, what is -6 - -30c19?
30c13
In base 15, what is 5ad - 11?
59c
In base 8, what is 4 + 11341?
11345
In base 11, what is -720 + -211?
-931
In base 8, what is -154337 + 2?
-154335
In base 15, what is -1d0 - -3b?
-194
In base 10, what is -3915 - -24?
-3891
In base 7, what is 3 + -211161?
-211155
In base 11, w